emainder when 32555844 is divided by 23?
11
Calculate the remainder when 277362 is divided by 279.
36
Calculate the remainder when 757759 is divided by 130.
119
Calculate the remainder when 12261 is divided by 1128.
981
What is the remainder when 351443192 is divided by 356?
348
Calculate the remainder when 1471411 is divided by 491.
375
What is the remainder when 107641 is divided by 106620?
1021
What is the remainder when 523800 is divided by 582?
0
Calculate the remainder when 2088227 is divided by 1044110.
7
Calculate the remainder when 13971976 is divided by 116.
8
Calculate the remainder when 45537214 is divided by 13.
8
Calculate the remainder when 10886795 is divided by 63663.
422
What is the remainder when 587960 is divided by 146416?
2296
Calculate the remainder when 23216 is divided by 11598.
20
What is the remainder when 1205521 is divided by 1107?
1105
What is the remainder when 68546 is divided by 22673?
527
What is the remainder when 19840639 is divided by 4960157?
11
Calculate the remainder when 2567534 is divided by 855840.
14
Calculate the remainder when 68368 is divided by 1873.
940
Calculate the remainder when 44380813 is divided by 1004.
1001
Calculate the remainder when 116993448 is divided by 102267.
0
What is the remainder when 641665 is divided by 3361?
3075
Calculate the remainder when 144037 is divided by 28795.
62
Calculate the remainder when 173485 is divided by 57802.
79
What is the remainder when 107969861 is divided by 466?
457
What is the remainder when 8926 is divided by 8705?
221
Calculate the remainder when 25565449 is divided by 1044.
1021
What is the remainder when 21854849 is divided by 5842?
5769
What is the remainder when 12800999 is divided by 100?
99
Calculate the remainder when 1193361 is divided by 32.
17
What is the remainder when 9770862 is divided by 59217?
57
Calculate the remainder when 997071 is divided by 71219.
5
What is the remainder when 9901193 is divided by 119290?
123
What is the remainder when 4283053 is divided by 1118?
1113
What is the remainder when 73318787 is divided by 2618528?
3
Calculate the remainder when 1971604030 is divided by 303.
301
Calculate the remainder when 1485538 is divided by 2570.
78
Calculate the remainder when 249200 is divided by 2130.
2120
Calculate the remainder when 787568 is divided by 131253.
50
What is the remainder when 1184644 is divided by 102?
16
Calculate the remainder when 1051567 is divided by 460.
7
Calculate the remainder when 2667093 is divided by 666735.
153
What is the remainder when 95537509 is divided by 180?
169
Calculate the remainder when 299476 is divided by 149.
135
What is the remainder when 34738 is divided by 426?
232
Calculate the remainder when 600288 is divided by 100034.
84
Calculate the remainder when 603277916 is divided by 293.
292
Calculate the remainder when 42941 is divided by 7139.
107
Calculate the remainder when 393950 is divided by 511.
480
Calculate the remainder when 197940 is divided by 5813.
298
What is the remainder when 2399573 is divided by 9?
2
Calculate the remainder when 1977170646 is divided by 325.
321
What is the remainder when 12619953 is divided by 2499?
3
What is the remainder when 20537033 is divided by 3187?
5
What is the remainder when 33807068 is divided by 10257?
10253
What is the remainder when 86721 is divided by 2532?
633
Calculate the remainder when 208101 is divided by 17341.
9
Calculate the remainder when 31830015 is divided by 34.
31
Calculate the remainder when 4375093 is divided by 729162.
121
What is the remainder when 73385657 is divided by 176?
169
Calculate the remainder when 753472 is divided by 193.
0
Calculate the remainder when 235136 is divided by 705.
371
Calculate the remainder when 602564 is divided by 232.
60
Calculate the remainder when 18508 is divided by 4294.
1332
What is the remainder when 13416561 is divided by 4472177?
30
Calculate the remainder when 126843080 is divided by 27.
23
Calculate the remainder when 43550 is divided by 2845.
875
What is the remainder when 54977659 is divided by 1667?
1666
What is the remainder when 53814 is divided by 1469?
930
Calculate the remainder when 3078556 is divided by 4.
0
What is the remainder when 91549211 is divided by 20214?
5
What is the remainder when 91759 is divided by 15238?
331
What is the remainder when 5529520 is divided by 552951?
10
What is the remainder when 113307 is divided by 2813?
787
Calculate the remainder when 22396075 is divided by 129.
127
What is the remainder when 3311218 is divided by 9047?
16
Calculate the remainder when 15383468 is divided by 4554.
56
What is the remainder when 13169536 is divided by 12285?
16
What is the remainder when 292527 is divided by 84?
39
Calculate the remainder when 688294 is divided by 2103.
613
Calculate the remainder when 4849730 is divided by 1616572.
14
Calculate the remainder when 1424870 is divided by 1108.
1090
What is the remainder when 40155032 is divided by 221?
216
Calculate the remainder when 3416825 is divided by 193.
146
Calculate the remainder when 181039 is divided by 22618.
95
Calculate the remainder when 19377 is divided by 184.
57
Calculate the remainder when 668132 is divided by 111352.
20
Calculate the remainder when 91717 is divided by 9.
7
Calculate the remainder when 7446145 is divided by 496409.
10
What is the remainder when 324356 is divided by 116?
20
Calculate the remainder when 15276 is divided by 14987.
289
What is the remainder when 513642 is divided by 28?
10
Calculate the remainder when 6174410 is divided by 7967.
7952
What is the remainder when 153512 is divided by 497?
436
Calculate the remainder when 142528 is divided by 1906.
1484
What is the remainder when 24785175 is divided by 97?
26
What is the remainder when 190533 is divided by 47630?
13
What is the remainder when 772981 is divided by 40674?
175
What is the remainder when 4782870 is divided by 333?
324
Calculate the remainder when 1552369497 is divided by 4356.
4353
Calculate the remainder when 176728 is divided by 645.
643
What is the remainder when 27346 is divided by 4481?
460
Calculate the remainder when 2435230 is divided by 170.
150
What is the remainder when 16217 is divided by 16186?
31
What is the remainder when 4138555197 is divided by 6032?
6029
Calculate the remainder when 1369721487 is divided by 8.
7
What is the remainder when 95920 is divided by 15972?
88
What is the remainder when 57913378 is divided by 42?
40
Calculate the remainder when 388555 is divided by 264.
211
What is the remainder when 6617022 is divided by 120?
102
What is the remainder when 2749706 is divided by 7947?
44
Calculate the remainder when 6651518 is divided by 391240.
438
What is the remainder when 6205097 is divided by 623?
17
What is the remainder when 834575 is divided by 92730?
5
Calculate the remainder when 55151 is divided by 13519.
1075
What is the remainder when 142606917 is divided by 87?
84
What is the remainder when 195370 is divided by 40?
10
Calculate the remainder when 7889062 is divided by 1000.
62
What is the remainder when 300014 is divided by 641?
26
Calculate the remainder when 1233074549 is divided by 50.
49
What is the remainder when 13502448 is divided by 3375572?
160
What is the remainder when 4483339 is divided by 2558?
1723
What is the remainder when 21126 is divided by 943?
380
What is the remainder when 100862 is divided by 8385?
242
Calculate the remainder when 34081 is divided by 7759.
3045
Calculate the remainder when 170775 is divided by 63.
45
Calculate the remainder when 1120613 is divided by 2219.
18
What is the remainder when 11843553 is divided by 2072?
1
Calculate the remainder when 102786542 is divided by 14.
12
What is the remainder when 51964 is divided by 3232?
252
What is the remainder when 421451 is divided by 7804?
35
Calculate the remainder when 679749 is divided by 226550.
99
What is the remainder when 779074 is divided by 43277?
88
Calculate the remainder when 105368975 is divided by 13135.
5
Calculate the remainder when 2931524 is divided by 2026.
1928
Calculate the remainder when 273570 is divided by 136782.
6
What is the remainder when 551129 is divided by 115?
49
Calculate the remainder when 10115326 is divided by 4220.
4206
Calculate the rema